 r(3). Let o(j) be the third derivative of -j**4/8 + j**2. What is o(w)?
6
Let h = 37 - 38. Let u(a) = -6*a**3 + 2*a**2 + a. Calculate u(h).
7
Suppose 2*n - 20 = 6*n + 4*x, -5*n - 2*x = 28. Let u(k) = k. Calculate u(n).
-6
Let a(l) = -5*l + 1. Let q(z) = 14*z - 4. Let g(f) = -11*a(f) - 4*q(f). Calculate g(4).
1
Suppose h + 90 = 4*h. Suppose 5*j = 5*t - h + 5, 2*j - 4 = 0. Let f(b) = -t*b + 4*b - 7*b + b. Determine f(-1).
9
Let v(n) be the first derivative of -n**4/4 - n**3/3 - n**2/2 - 12. What is v(-2)?
6
Let j(r) be the second derivative of 1/12*r**4 + 0 + 4*r - 1/2*r**3 - 7/2*r**2. Let l(n) = -n. Let k be l(-5). What is j(k)?
3
Let n(b) = 4 - 49*b**3 + 36*b**3 - 5. Determine n(-1).
12
Suppose -2*d + 2 + 0 = 0. Suppose -3*q = -16 + d. Let t(r) = r**2 - 7*r + 5 + 0*r + r. What is t(q)?
0
Let g(f) = -f**3 - 4*f**2 - 8*f + 10. Let j(b) = -b - 1. Let t be j(-7). Let w(l) = -l**3 - 4*l**2 - 7*l + 9. Let h(q) = t*w(q) - 5*g(q). What is h(-4)?
12
Suppose 1 = 5*r - 4. Let h = -1 - -1. Suppose 0 = -y + r - h. Let q(x) = -x**3 - x. What is q(y)?
-2
Suppose -3*g = -d - g - 2, 4*d = 2*g + 22. Suppose -4*h - d = -5*y, 2*h - 4*y + 10 = -0*h. Let m(r) = -5*r + 1. Determine m(h).
-14
Let f be ((-1)/(-4))/(13/156). Let m(l) be the second derivative of -l + 1/6*l**4 + 0 - 2/3*l**f + 0*l**2. Calculate m(3).
6
Let i(u) = 3*u**2 - u - 1. Suppose -3*l = 3*o + 33, 7*l = 2*l + 3*o - 15. Let q(c) = -c**2 - 6*c - 1. Let g be q(l). Calculate i(g).
3
Let g be 6/15 - 264/(-15). Suppose 2*p = 3*y - g, 7 + 4 = y + p. Suppose -2*s = h - 0 - 1, 4*h = -4*s + y. Let l(z) = -z. What is l(h)?
-3
Let t(w) = 7*w**2 - 5*w - 9. Let i(n) = 4*n**2 - 3*n - 5. Let p(g) = 5*i(g) - 3*t(g). Let c = -5 - 7. Let r be (-1 - -2)*c/6. Calculate p(r).
-2
Let i(g) = -3*g**3 + 5*g**2 - 6*g + 10. Let a(b) = -7*b**3 + 10*b**2 - 12*b + 21. Let r(p) = 4*a(p) - 9*i(p). Calculate r(-6).
-6
Let w(c) = c**2 + c - 9. Suppose -20 = 4*l - 9*l. Suppose 0 = -3*n + 4*u - 8, -3*u + 0*u + 6 = -l*n. Calculate w(n).
-9
Let m be (-13)/(-6) + -3 + 2 + -1. Let s(h) be the second derivative of m*h**3 + 4*h + h**2 + 0. Give s(2).
4
Suppose -7 = -2*b + 1. Let v(y) = -y**2 + 4*y - 5. What is v(b)?
-5
Suppose 28 = 9*m - 26. Let a(r) = r - 1. Give a(m).
5
Let t(o) = -o + 5. Suppose 0 = -3*c - 2*v - v - 6, v + 2 = 4*c. Give t(c).
5
Suppose 4*l - d - 17 = -0*l, -5*l + 25 = -5*d. Let m(s) = -s**2 + 3. What is m(l)?
-13
Let o(a) be the second derivative of a**5/20 + a**4/3 - a**3/3 + 2*a**2 - a. Let h be o(-4). Suppose -q - h = -4*q. Let l(v) = 3*v - 5. What is l(q)?
7
Let n(x) = -x + 3. Let f(j) = -j**3 - 5*j**2 - 3*j. Let t be f(-4). Calculate n(t).
7
Suppose -4*n = 3*i - 7*n + 3, 0 = -5*i - 2*n + 23. Suppose 3*o + 15 = 0, 4*b - i*b - 25 = 5*o. Let w(z) = -z - 8. What is w(b)?
-8
Suppose -4*l = -s + 7 - 0, -5*l = -5*s + 20. Let b be s - (4 - 1 - 2). Let t(w) = -b - 2 - 3 - 2*w + 1. Give t(-5).
4
Suppose 0 = 3*a - 3 - 0. Let q be 4/(-3) - (-2)/6. Let w = q - a. Let c(d) = 6*d + 3. Give c(w).
-9
Let z(a) = -a**3 - 5*a**2 - a + 3. Let y = 19 - 13. Let v be -2 + 0 + 4/1. Suppose -5*j - 45 = -5*w, v*j - 3*j - 2*w = -y. Give z(j).
-9
Let q(l) = -l**2 - 5*l + 8. Suppose d - 3*k + 15 = -4*d, d + 11 = -k. Give q(d).
2
Let s(o) = -o**3 - o**2 + o - 3. Let v be s(0). Let m(h) = 1 + 0 + 2*h**2 + 4658*h - 4654*h. Give m(v).
7
Suppose 0 = 4*s + s. Let o(d) be the third derivative of s + 1/12*d**4 + 2*d**2 + 0*d + 1/6*d**3. Give o(1).
3
Suppose 0 = -0*y - 5*y. Let a(i) = -2*i + 2 + 0 + y*i. Let q be a(2). Let k(d) = -d**2 + 3*d + 2. What is k(q)?
-8
Let y(x) = -x + 3. Let f be (-700)/(-119) + 4/34. Determine y(f).
-3
Let w(l) be the second derivative of -l**4/12 + 2*l**3/3 - l**2 - 2*l. Let k(j) be the first derivative of w(j). Let n be (2/4)/(2/16). Give k(n).
-4
Let i be (-2)/(-3)*252/(-24). Let b(y) = y**2 + 7*y + 5. Let z be b(i). Let k(c) = c**3 - 6*c**2 + 5*c + 6. Give k(z).
6
Suppose 2*c = -5*l + 14, 13 = 4*l + 2*c + 1. Let p(m) = 0*m - 3*m**2 - 3*m + 2*m - 8 + 4*m**l. Let y = 1 - 1. Calculate p(y).
-8
Let f(j) = -2*j + 8*j + 3*j**2 - 2 + j**3 - 8*j. Give f(-3).
4
Suppose 5*z + 6 = 2*z. Let j = -5 - z. Let m(q) = -4*q - 2 + 4 - 1 - q**2. What is m(j)?
4
Suppose 2*x = -5 - 5. Let d(w) = -w**2 - 7*w - 1. Determine d(x).
9
Let l(d) = -2*d**3 - 9*d**2 + 18*d - 3. Let c(g) = -g**3 - 4*g**2 + 9*g - 2. Let x(f) = 7*c(f) - 4*l(f). What is x(-9)?
-2
Let r(j) be the first derivative of 2*j - 1 + j**3 - 1/4*j**4 - 1/2*j**2. Give r(2).
4
Let j(n) = 5*n - 14*n + 10*n. Let t = 0 - -1. Let m = t + -3. What is j(m)?
-2
Let g(y) = -4*y + 1. Let u(s) be the first derivative of 13*s**2/2 - 3*s - 1. Let d(q) = -11*g(q) - 4*u(q). Calculate d(1).
-7
Let i = 19 + -24. Let l(w) = 1. Let b(k) = k - 13. Let q(z) = i*l(z) - b(z). Calculate q(7).
1
Let v(f) = -2*f - 4. Let g(j) = -j - 2. Let w(o) = -5*g(o) + 3*v(o). Let l(h) = -h**3 + 6*h**2 - 10*h + 6. Let s be l(4). Give w(s).
0
Let c(o) = o**3 - 7*o + 5*o**2 + 0 + 0*o**2 - 8. Determine c(-6).
-2
Let g be (-4 - (1 + -5)) + -1 + 4. Let a(p) be the first derivative of 1/2*p**2 - g + 10*p - 1/3*p**3. Give a(0).
10
Let m(v) = -v**2 + 6*v - 6. Let k(c) = 2*c - 7. Let l be k(6). Calculate m(l).
-1
Suppose 0 = 19*i - 15*i - 12. Let a(x) = x**3 - 3*x**2 - x + 2. Calculate a(i).
-1
Suppose -3*h + 15 = -3*f - 0, 4*f = -12. Let g(k) = k**3 + k**2 - k - 2. Determine g(h).
8
Let l(u) be the first derivative of 2*u - 3 - 1/2*u**2. Give l(2).
0
Suppose 0 = 7*c - 2*c + 25. Let n(k) = -k**3 + 4*k - 4*k**2 - 4 + 0*k + 2*k - 3. Determine n(c).
-12
Let z be -1 + 1 + (-1)/1. Let v(t) = 5*t**2 - t. Let b be v(z). Let s(x) = -x + 1. What is s(b)?
-5
Suppose -a - 3*d - d - 3 = 0, 5*a = 5*d - 15. Let l(f) = 3*f + 4. Let o(n) = 3*n + 3 + 5*n - 5*n. Let g(k) = -4*l(k) + 5*o(k). What is g(a)?
-10
Let o(s) = -s**3 + s**2 - s - 12. Let k be o(-2). Let t(g) = -4*g - g**2 + g**3 + 0*g**3 + 3*g. Determine t(k).
2
Suppose 3*s + 27 = 9. Let i be 1*-2*s/4. Suppose -5*q + 15 = -i*v, -5 = v - 5*q - 0. Let b(h) = -h**3 - 6*h**2 - 7*h - 7. Calculate b(v).
3
Let x = 8 - 11. Let m = 6 + x. Let d(n) = -n**3 + 4*n**2 - 4*n + 4. Give d(m).
1
Let k be 2*(1 + 0) - 1*7. Let c(v) = 3*v + 3. Calculate c(k).
-12
Let n = -2 + 7. Suppose -3*u + 20 + n = -2*m, 5*m = -5*u. Suppose z + 22 - 6 = -4*i, 0 = -u*i + 3*z - 3. Let k(x) = x**2 + 3*x + 4. Determine k(i).
4
Let w(f) = 3*f**2 - 1. Let q be w(-1). Let b(j) be the second derivative of j - 3/2*j**q + 1/3*j**3 + 0. Determine b(-3).
-9
Let z = -12 - -11. Let b be 2 + 1 + 0 + z. Let p(c) = -c**2 - c. What is p(b)?
-6
Let a(f) be the second derivative of f**3/6 + f**2 - f. Suppose 2*k - 3 = -11, -5*v = k - 6. Suppose v*d - 5*q = -2*q + 13, 0 = -3*d - 2*q. What is a(d)?
4
Let r(l) be the third derivative of l**4/24 + 3*l**3/2 - 11*l**2. What is r(0)?
9
Let n = 1 - -2. Let h(u) = u**n + u + 4 + 5*u**2 + 2*u + 4*u. Give h(-4).
-8
Let x(a) = a**3 - 6*a**2 + 3*a - 6. Let d be x(6). Let f = d + -10. Let w(v) be the first derivative of -v**3/3 + 2*v**2 - v - 1. Calculate w(f).
3
Let d(s) = 2*s**2 + 2*s - 1. Let f(o) = 4*o + 1. Let l be f(-2). Let h be (-58)/l - (-6)/(-21). Suppose -h = 4*x - 4*b, 2*x - 7 = 4*x - 3*b. What is d(x)?
3
Suppose -2*r + 5 = x, 2*r + x + 2*x = 3. Let o be 8/r*(-3)/(-2). Let h(n) be the third derivative of n**4/24 - n**3/2 - n**2. Determine h(o).
1
Let s(m) = m**3 + 7*m**2 + 5*m - 1. Let r = 52 - 58. Determine s(r).
5
Suppose a + 2 = -1. Let u = 0 - a. Let b(p) = -p**2 + 2*p - 1. What is b(u)?
-4
Let k(v) be the second derivative of 3/2*v**3 + 1/12*v**4 + 6*v + 4*v**2 + 0. Determine k(-7).
-6
Let y(p) = p**3 - p**2 - p + 2. Let u(c) = 3*c + 1. Let v be u(-1). Let z be v + (6*-2)/(-3). What is y(z)?
4
Let a be (-85)/(-25) - (-2)/(-5). Suppose -2*d + 3 = 3*s + 2*d, -a*s - d = -3. Let w(c) = -1 - s - 6*c + 1. What is w(-1)?
5
Let c(n) be the second derivative of n**3/6 - n**2 + n. Give c(-6).
-8
Let u(l) be the second derivative of -l**3/3 - l**2 + l. Let c be (-3)/(6*(-4)/(-16)). Let j be 4*-2*(-1)/c. Determine u(j).
6
Let o(j) = -1 + 3*j - 3*j + 4*j**2 - 2*j. Let f(d) = -d**2 - d. Let c(q) = -2*f(q) + o(q). Calculate c(1).
5
Let c = -67 - -62. Suppose -4*w = -12, -3*d = 5*w - 17 - 1. Let t(y) = -5*y - d + y + 2*y. Give t(c).
9
Let s = 55 + -51. Let z(r) = 0*r - 10 + r + 1. Calculate z(s).
-5